{"id":144,"date":"2017-11-12T00:52:50","date_gmt":"2017-11-11T23:52:50","guid":{"rendered":"http:\/\/missjuliephotographie.com\/?page_id=144"},"modified":"2021-10-05T14:43:09","modified_gmt":"2021-10-05T12:43:09","slug":"contact","status":"publish","type":"page","link":"https:\/\/missjuliephotographie.com\/index.php\/contact\/","title":{"rendered":"Contact"},"content":{"rendered":"<div id=\"pl-144\"  class=\"panel-layout\" ><div id=\"pg-144-0\"  class=\"panel-grid panel-no-style\" ><div id=\"pgc-144-0-0\"  class=\"panel-grid-cell\" ><div id=\"panel-144-0-0-0\" class=\"so-panel widget widget_sow-editor panel-first-child panel-last-child\" data-index=\"0\" ><div\n\t\t\t\n\t\t\tclass=\"so-widget-sow-editor so-widget-sow-editor-base\"\n\t\t\t\n\t\t>\n<div class=\"siteorigin-widget-tinymce textwidget\">\n\t<h4><strong>T\u00e9l\u00e9phone : 06 69 47 84 57<\/strong><\/h4>\n<p>Photographe bas\u00e9e sur Sanary-sur-Mer, sp\u00e9cialis\u00e9e dans la photo de maternit\u00e9 : femmes enceintes, nourrissons, enfants et familles<\/p>\n<\/div>\n<\/div><\/div><\/div><\/div><div id=\"pg-144-1\"  class=\"panel-grid panel-no-style\" ><div id=\"pgc-144-1-0\"  class=\"panel-grid-cell\" ><div id=\"panel-144-1-0-0\" class=\"widget_text so-panel widget widget_custom_html panel-first-child panel-last-child\" data-index=\"1\" ><div class=\"textwidget custom-html-widget\"><iframe loading=\"lazy\" width=\"100%\" height=\"650\" src=\"https:\/\/www.fotostudio.io\/lead_forms\/3852\" frameborder=\"0\" allowfullscreen><\/iframe><\/div><\/div><\/div><\/div><\/div>","protected":false},"excerpt":{"rendered":"<p>T\u00e9l\u00e9phone : 06 69 47 84 57 Photographe bas\u00e9e sur Sanary-sur-Mer, sp\u00e9cialis\u00e9e dans la photo de maternit\u00e9 : femmes enceintes, nourrissons, enfants et familles<\/p>\n","protected":false},"author":1,"featured_media":0,"parent":0,"menu_order":0,"comment_status":"closed","ping_status":"closed","template":"template-full-width.php","meta":{"footnotes":""},"_links":{"self":[{"href":"https:\/\/missjuliephotographie.com\/index.php\/wp-json\/wp\/v2\/pages\/144"}],"collection":[{"href":"https:\/\/missjuliephotographie.com\/index.php\/wp-json\/wp\/v2\/pages"}],"about":[{"href":"https:\/\/missjuliephotographie.com\/index.php\/wp-json\/wp\/v2\/types\/page"}],"author":[{"embeddable":true,"href":"https:\/\/missjuliephotographie.com\/index.php\/wp-json\/wp\/v2\/users\/1"}],"replies":[{"embeddable":true,"href":"https:\/\/missjuliephotographie.com\/index.php\/wp-json\/wp\/v2\/comments?post=144"}],"version-history":[{"count":66,"href":"https:\/\/missjuliephotographie.com\/index.php\/wp-json\/wp\/v2\/pages\/144\/revisions"}],"predecessor-version":[{"id":12844,"href":"https:\/\/missjuliephotographie.com\/index.php\/wp-json\/wp\/v2\/pages\/144\/revisions\/12844"}],"wp:attachment":[{"href":"https:\/\/missjuliephotographie.com\/index.php\/wp-json\/wp\/v2\/media?parent=144"}],"curies":[{"name":"wp","href":"https:\/\/api.w.org\/{rel}","templated":true}]}}